
7
Let n(b) = -123*b + 5*b**2 + 0 + 0 + 120*b + 3. Let h(t) = 2*t**2 - t + 1. Let d(i) = h(i) - n(i). Determine d(2).
-10
Let o(l) = l**3 + 9*l**2 + 8*l - 2. Suppose -18*i - 84 = -678. Suppose -i = 11*x + 55. Give o(x).
-2
Let n(k) = 44*k + 30. Let o(p) = 5*p + 2. Let l(z) = -n(z) + 8*o(z). Calculate l(-3).
-2
Let v(o) = 2*o - 16. Let c = 449 + -904. Let i = c + 463. What is v(i)?
0
Suppose -3*j = -n + 20, -j - 19 = -4*n + 6. Let k(v) = 2*v**3 - n*v + 6*v - v**2 - 1 + 2*v**3. What is k(1)?
3
Let c = -48 + 55. Let w(l) = l**2 + 8 + 3*l + 13 - 35 + c. Determine w(-6).
11
Let t(j) = -141*j + 849. Let x be t(6). Let y(l) be the first derivative of -14 - l**2 - 7*l + 1/4*l**4 - 5/3*l**x. Give y(5).
-17
Let z(h) = h**3 - 7*h**2 - 9*h + 3. Suppose 2*j = 12*j + 150. Let v be (((-108)/j)/6)/((-9)/(-60)). Give z(v).
-5
Let h(r) be the first derivative of -r**6/120 - r**5/12 - r**4/6 + r**3/6 - 83*r**2 - 2*r + 304. Let t(l) be the second derivative of h(l). Give t(-4).
1
Suppose -9*v + 18 = -3*v. Let g(r) = r**3 - 2*r**2 - 7*r + 6. Let k be g(v). Let b(u) = -u**2 - 3*u - 5*u + 4*u. Determine b(k).
-12
Let q = 15480 + -15463. Let p(s) = s**3 - 18*s**2 + 19*s - 5. Determine p(q).
29
Let r = -1484 - -1482. Let a(f) = 5*f + 1. What is a(r)?
-9
Suppose 14*v - 10*v - 4*r - 32 = 0, 17 = -4*v - 3*r. Let a(n) = -15*n + 18. Give a(v).
3
Let l(n) = 9*n - 53. Let s be l(6). Let d(v) = -v**3 - 4 + s + 1822*v + 4*v**2 - 1814*v. Calculate d(5).
12
Let h(t) = 5*t. Let z be h(1). Let k(y) = -12*y + 43*y - 13*y - 16*y + 162 - 156. Give k(z).
16
Let j = 207 + -205. Let u(m) = m**3 + 14*m**j - 145 + 72 + 63 - m. Calculate u(-14).
4
Let b(q) = -8*q**3 - 4*q**2 - 20*q + 16. Let w(u) = -15*u**3 - 7*u**2 - 36*u + 31. Let t(z) = -11*b(z) + 6*w(z). Calculate t(3).
-14
Let t = 0 + 1. Let z(q) = q**2 - 6*q + 7. Let f(p) = 1. Suppose 20*g + 39 = 11*g + 3*n, 3*g = 4*n + 2. Let r(m) = g*f(m) + t*z(m). What is r(5)?
-4
Let s = -21 - -27. Suppose 2*n = -s*n + 8. Let b(v) = -2 + 2*v + 0 - 1 - n. Calculate b(4).
4
Let n(y) = y**2 + y + 2. Suppose 4*h = -5*b - h + 30, 2*b + 3*h = 13. Suppose -16 = b*i + 3*i. What is n(i)?
4
Let s(v) = -2*v**3 + 5*v**2 - 3*v - 1. Suppose -4*b = -y - 74, 0*y - 2*b + 82 = -y. Suppose -h + 837 = 8*h. Let c = h + y. Give s(c).
-19
Let d(z) = 5*z - 118*z**3 - 30*z**3 - 2 + 150*z**3 - 3*z**2. Determine d(1).
2
Let r(g) be the first derivative of -g**4/4 - 7*g**3/3 - g**2 - 4*g + 684. What is r(-5)?
-44
Let c(d) = d - 1. Let u(f) be the second derivative of f**4/12 + 7*f**3/6 + 3*f**2 + 33*f. Suppose -x + 4 = 0, 0*j - 3*x + 8 = j. Let z be u(j). What is c(z)?
-7
Let i(b) = 3 + 3*b - 12 + 10*b**2 + 38*b**3 - 39*b**3 - 6*b**2. Determine i(3).
9
Suppose -23*g + 2 = -28*g - 18. Let d(t) = -t. Let b be ((-1)/(-2))/(2/4). Let v(m) = -m**3 - 4*m**2 + m - 1. Let s(n) = b*v(n) - 3*d(n). What is s(g)?
-17
Let d(n) be the third derivative of -n**9/60480 - n**8/10080 - n**6/120 + 181*n**5/60 + n**2 - 98*n. Let q(k) be the third derivative of d(k). Calculate q(-3).
3
Let a(w) = -w**3 + 5*w**2 - w - 16. Let t be a(4). Let l be (-1)/t - (13/4 + -6). Let x(f) = f**3 - 3*f**2 + 2*f + 3. Give x(l).
9
Let r(j) = -j**3 + 13*j**2 + 2*j - 19. Let y(b) = b**3 + 8*b**2 + 7*b + 13. Suppose 112 = -2*f - 14*f. Let m be y(f). Calculate r(m).
7
Let j(s) be the second derivative of -s**5/10 - s**4/6 + s**2/2 + 14*s. Suppose -13 = -20*x - 53. Calculate j(x).
9
Let d(k) = k**2 + 4*k - 1. Let v be ((-72)/(-28))/6*7. Suppose 4*b - l = 20, -v*l - 9 = -b + 7. Let u be (((-15)/(-6))/5)/(b/(-32)). Calculate d(u).
-1
Let l(j) = j - 9 + 2*j - 4*j. Let m be l(-22). Let c(i) = i**3 - 13*i**2 - i + 7. Let q be c(m). Let t(w) = -w**2 - 6*w + 6. Determine t(q).
6
Let h(y) = -y**3 + 15*y**2 + 17*y - 15. Let v be h(16). Let n(t) be the first derivative of t - 34 - 1/3*t**3 - 1/2*t**2 + 3/4*t**4. What is n(v)?
2
Let m(i) = 9*i**2 - 23*i + 1. Let l(r) be the first derivative of 26*r**3/3 - 34*r**2 + 2*r + 183. Let j(x) = -6*l(x) + 17*m(x). Determine j(6).
-1
Let r = -82 - -78. Let g(w) = 155 + 161 + w**3 - 7*w - 476 + 150 + 2*w**2. What is g(r)?
-14
Let r be 18/(-207) - (-232)/23. Let c(y) = -r*y + y**2 - 111 + 105 + y. What is c(9)?
-6
Let z be (-4 + -6)*((-6)/(-4) - 2). Let p(y) = 0*y + 16*y - z*y. Determine p(-1).
-11
Suppose 8*x - 65 = -5*v + 13*x, 11 = 3*v + 4*x. Let p(i) = 11*i + 19. Let a(j) = -5*j - 8. Let k(m) = v*a(m) + 4*p(m). What is k(0)?
4
Let y(l) be the second derivative of l**5/20 + 2*l**4/3 + l**3/3 + l**2 - 8*l. Let f(v) = v**2 + 23*v - 147. Let k be f(-28). Determine y(k).
37
Suppose -4*o - 7 = -3*o. Let s(m) = -9*m + 31. Let k(g) be the second derivative of -2*g**3/3 + 15*g**2/2 + 37*g. Let v(a) = 13*k(a) - 6*s(a). Give v(o).
-5
Let a(u) = u**2 + 5*u + 1. Let g(o) = -3*o**2 + o**3 + 3*o + 3*o - 3*o - o. Let f be g(3). Suppose -4*y + 4 = -f*y. Calculate a(y).
-5
Suppose 1854*s + 4*t - 29 = 1857*s, -4*s + t = 56. Let g(z) = z**3 + 17*z**2 + 30*z + 18. Give g(s).
18
Suppose 3 = 3*l + 6. Let g(w) = 4*w + 3. Let m be g(l). Let c(k) = 5*k**2 + k**3 - 2*k**2 + 0*k**2 + 2*k - k**2 + 1. What is c(m)?
0
Let l(w) = -w**2 + 10. Let d(j) = j**2 + 4*j - 6. Let o(g) = -3*d(g) - 2*l(g). What is o(-13)?
-15
Let q be (-1)/3*-3 - (-4 + 5). Suppose q*s - 8 = 3*r + 2*s, 0 = 5*r + 2*s + 12. Let m(c) = -8 + 4*c**2 + 2 + 6 + 2*c. What is m(r)?
12
Let q(v) = -8 - 33*v - 1 + 51*v + 2 - 2*v**2 - 25*v. Give q(-3).
-4
Suppose 3*f - 3*r = -6, 2*f = -5*r - 20 - 5. Let s(l) be the third derivative of -l**3 - 2*l**2 + 0*l - 1/120*l**6 - 1/15*l**5 + 1/24*l**4 + 0. What is s(f)?
14
Let k(b) = -b + 1. Let v(x) = -46*x + 141. Let f(a) = 2*k(a) - v(a). Let o(y) = -15*y + 49. Let d(q) = -6*f(q) - 17*o(q). Suppose -3*g - 2 + 5 = 0. Give d(g).
-8
Let i(x) = -5*x + 9*x - 2*x + 10 + 0*x. Let r(k) = -3*k - 69. Let h be r(-24). Let a(p) = -3*p + 2. Let w be a(h). Give i(w).
-4
Let g(n) be the third derivative of -n**7/840 + n**6/72 + n**5/60 + 70*n**3/3 - 66*n**2. Let m(k) be the first derivative of g(k). Calculate m(5).
10
Let y(v) = -437 - 10*v + 150 + 62. Calculate y(-23).
5
Let n(k) = k**3 + 27*k**2 - 6*k - 18. Let t be n(-14). Let g(c) = 2614*c - 2 + 3 - 4*c**2 - t*c. Calculate g(2).
-15
Let f(u) be the second derivative of -11*u**5/10 + u**4/12 - u**3/2 - 3*u**2/2 - 17*u + 17. Give f(-1).
23
Let f be (3 - 4)/(9/(-9)). Let b(g) = -f - g**2 + 0 - 10 + 13 - 3*g. What is b(-3)?
2
Let s = -569 + 574. Let z(y) be the second derivative of -y**5/20 + y**4/2 - y**3/2 - y**2/2 + 28*y. Determine z(s).
9
Let l(r) = -1. Let m(t) = -85*t + 1 - 5 + 84*t. Let p(f) = 3*l(f) - m(f). Let b(k) = -11*k - 7. Let o(d) = b(d) + 6*p(d). Give o(3).
-16
Let o(h) = 14*h + 40 + 4*h - 28*h + 137. What is o(18)?
-3
Let r(m) = m**2 - 7*m + 5. Let f(u) be the first derivative of u**3 + u**2 - u - 21. Let y be f(-3). Let s = y - 15. Determine r(s).
-5
Let z(t) = t**3 + 8*t**2 - t - 3. Suppose -p - 22 = i + 4*p, -3*p - 15 = 0. Let c be (3 + -4)/(i/(-42)). Suppose -36 = c*u + 76. Give z(u).
5
Let m(r) = -2058 - 2*r**2 + 4130 - 2053 - 7*r. Determine m(-6).
-11
Let p(u) = 2*u**3 + 19*u + 20. Suppose -4*r + 2 = -a, 12*r - a = 13*r + 7. Give p(r).
-1
Let u(w) be the third derivative of -19*w**2 + 1/24*w**4 + 1/120*w**5 + 0*w + 5/3*w**3 + 0. Let r(c) be the first derivative of u(c). What is r(-1)?
0
Let p(v) = -2*v**3 + v**2 - 2*v - 1. Let i be (-1 - 1)*-4*(-15)/(-24). Suppose -2*h - 2 = 2*h + 2*t, -3*h = i*t - 9. What is p(h)?
23
Let f(q) = 3*q**2 + 17*q - 6. Let w(u) = 14*u**2 + 78*u - 26. Let j(a) = -9*f(a) + 2*w(a). Let i = -19 - -13. Let n(z) = 2*z + 9. Let v be n(i). What is j(v)?
2
Let f(c) = 2*c**2 + 19*c + 32. Let x = -12534 - -12529. What is f(x)?
-13
Let b(t) = 2*t**3 - 12*t**2 + 1. Let i(s) = 5*s**2 + s. Let p be i(1). Let a be b(p). Let u(v) be the first derivative of 7*v**2 - v + 12. Determine u(a).
13
Suppose -18*s + 9*s = 46*s - 220. Let r(h) be the third derivative of 0 + 0*h - 1/6*h**s - 6*h**2 - 7/6*h**3 + 1/60*h**5. Give r(6).
5
Let y(f) = 3*f + 14. Let j = -34 - -50. Let n be y(j). Let k(i) = -35*i + i**2 + n*i - 3 - 32*i. Give k(5).
-3
Let m = 1603 + -1584. Let h(f) = -f**2 + 20*f - 23. Give h(m).
-4
Suppose -2*x = 4*n - 28, -35 = 3*x + 12*n - 17*n. Let y(q) be the second derivative of -q**4/12 - q**2/2 + q. Determine y(x).
-1
Suppose 61*l = -